e 4*n - 3 - 5 = 0. Let z(j) = 6*j**2 - 1. Let m be z(3). Suppose -2*w + 7*w - m = -n*l, 2*l - 35 = w. What is the remainder when 36 is divided by l?
17
Suppose -h + 4*h - 36 = 0. Let k = -360 + 407. What is the remainder when k is divided by h?
11
Let s = 16 + -19. Let n be -3 - (s + -94 - -1). Let d = n + -52. Calculate the remainder when d is divided by 11.
8
Calculate the remainder when 188 is divided by (2/(-6))/1 + 806/78.
8
Let x(r) = -31*r**3 - 1. Let c be x(1). Let l = c + 55. Let j = 60 - l. What is the remainder when j is divided by 13?
11
Let x(b) = -2*b - 6. Suppose 5*h + 26 = -89. Let m = 0 - h. Calculate the remainder when m is divided by x(-7).
7
Suppose 4*o = 2*v - 80, -v - 3*v + 187 = o. Let f = -37 - -61. Calculate the remainder when v is divided by f.
22
Suppose -3 = -4*o + 1. Calculate the remainder when (-20)/30*(o - 88) is divided by 20.
18
Calculate the remainder when -3*3*(4926/(-54) + -5) is divided by 58.
54
Suppose 0 = -4*w + 6*w + 5*i - 14, w + i - 4 = 0. Calculate the remainder when 18 is divided by w.
0
Let o = -1 - -4. Suppose -o*m - 4*k = -6, 0 = 3*m - k + 4*k - 3. What is the remainder when (-1075)/(-35) + m/(-7) is divided by 8?
7
Suppose -11*r + 322 = -8. Let j = 31 - -25. Calculate the remainder when j is divided by r.
26
Suppose -14*a + 10*a = -48. What is the remainder when 8 is divided by ((-15)/a)/((-3)/12)?
3
Suppose 0 = -2*z + 8, u = 5*z - 4*z + 52. Calculate the remainder when 1006 is divided by u.
54
Let a = 15 - -30. Suppose -125*r = -124*r - 12. Calculate the remainder when a is divided by r.
9
Suppose 0 = 5*j + 3*s - 19, 0*j - 3*s = 4*j - 17. Suppose -o + 25 = j*w, -4*w + o + 68 - 9 = 0. What is the remainder when 138 is divided by w?
12
Let b = 16 + -11. Suppose -32*d - 137 + 489 = 0. Calculate the remainder when d is divided by b.
1
Suppose 70 = 4*p - 38. Calculate the remainder when p is divided by -3 + (1 - -1) + (-1577)/(-83).
9
Let d(y) = -105*y - 407. What is the remainder when d(-5) is divided by 12?
10
Let n be ((-6)/(-4))/((-9)/(-48)). Let l = n - 11. Let d = 9 + l. Calculate the remainder when d is divided by 3.
0
Suppose -3*b + 518 = 119. Calculate the remainder when b is divided by 9.
7
Let j(l) = -l - 19. What is the remainder when 110 is divided by j(-47)?
26
Let r = 1 - -4. Suppose -4*s = -r*c - 19, 5 = -4*s - 3*c - 0*c. Let n = s - -8. Calculate the remainder when 16 is divided by n.
7
Let c be (-22)/(-4) + (-3)/(-6). Let q(v) = 16*v - 7. Calculate the remainder when q(c) is divided by 15.
14
Let f(i) = 4*i**3 + i**2 - 3*i + 4. Let s = -15 + 27. What is the remainder when f(2) is divided by s?
10
Suppose 3*z - 154 = 17. Let c = 38 - z. Let v = c - -76. What is the remainder when v is divided by 29?
28
Suppose -12*i = -7*i - 15. Suppose -3*g - 32 = i*x - 83, -g = 3. Calculate the remainder when x is divided by 42/(-4)*(-6)/9.
6
Let z(x) = -x - 4. Let y(r) = 3. Let j(m) = 3*y(m) + 2*z(m). Suppose 4*w - 11 = -4*u + 3*u, -107 = -4*u + 5*w. What is the remainder when u is divided by j(-4)?
5
Let f = -4 - -41. What is the remainder when f is divided by 11?
4
Let g = 13 + 221. Suppose -53 = 3*b - 2*b + 2*s, 0 = 4*b - 3*s + g. Let j = -21 - b. Calculate the remainder when j is divided by 19.
17
Let m = 235 + -335. Suppose 0 = c - 20 + 3. What is the remainder when (m/6)/((-2)/6) is divided by c?
16
Suppose k - 24 = -7*k. Calculate the remainder when k/(-1) + -11 + 168 is divided by 52.
50
Suppose 2*p - p = 20. Suppose 85 = 5*m + p. What is the remainder when 35 is divided by m?
9
Let q = 46 + 15. What is the remainder when q is divided by 17?
10
Calculate the remainder when 332 is divided by ((-115)/(-3) - 5) + (-16)/(-24).
26
Let k(f) = -5*f - 1. Suppose 0 = b + 5*b - 24. Let q(u) = u**2 + 2*u - 7. Calculate the remainder when q(b) is divided by k(-2).
8
Let s(o) = -51*o + 33. Let p(a) = -17*a + 11. Let z(v) = 8*p(v) - 3*s(v). Calculate the remainder when z(9) is divided by 36.
34
Suppose -28*a + 286 = 2*u - 30*a, 431 = 3*u - 2*a. Calculate the remainder when u is divided by 39.
28
Suppose 25*z = 28*z. Suppose 6*b - 33 + 9 = z. Calculate the remainder when b is divided by 1.
0
Suppose 0 = -7*k - 18 - 24. Let c = k + 33. Calculate the remainder when c is divided by (-2 - -11)*2/3.
3
Let a = -25 - -57. Suppose -3*y + a = y. Suppose 0 = -x + 89*r - 87*r + 5, 0 = 3*x - 4*r - 25. What is the remainder when x is divided by y?
7
Suppose 26*p - 22789 = -21177. Let m(t) = -t**2 - 7*t + 1. Let z be m(-6). Let x(h) = 2*h**2 - 10*h + 4. Calculate the remainder when p is divided by x(z).
30
Let p(t) = -90*t - 12. Let b be p(6). Calculate the remainder when b/(-11) + 2/(-11) is divided by 17.
16
Let g(s) = -2*s - 20. Let b be g(-11). Suppose -4*a - p + 46 = -b*p, 4*a = -3*p + 54. What is the remainder when 21 is divided by a?
9
Let c = -73 + 30. Let x(m) = 9*m + 33. Let a be x(-4). Let i = a - c. What is the remainder when i is divided by 15?
10
Let f(q) = -q**2 - 18*q - 26. Let a be f(-9). Suppose 6*t = 5*t + a. Calculate the remainder when 219 is divided by t.
54
Calculate the remainder when -1*1*(-89 - -4) is divided by 3*92/48*4.
16
What is the remainder when 110 is divided by 1512/(-81)*(-1 - (-3)/(-6))?
26
Suppose s - 90 = -0*s - 3*q, 5*q = 3*s - 242. What is the remainder when s is divided by 22/6 - 2888/(-114)?
26
Suppose 0 = x - k - 8, 2*k = -2*x. Suppose -51*v = -47*v + 2*q - 26, 3*q - 27 = -3*v. Calculate the remainder when v is divided by x.
0
Let p = -151 + 99. Let w be -2*(p/(-8))/(-1). Let o = w + 50. Calculate the remainder when o is divided by 16.
15
Let o(x) = -x**2 + 12*x + 3. Let g(w) = w**2 - 8*w. Let a be g(7). Calculate the remainder when o(6) is divided by (-2 - -3)*a/(-1).
4
Let d(g) = g**3 + 9*g**2 + 15*g + 59. Calculate the remainder when 16 is divided by d(-8).
1
Suppose 2*v = -5*l - 157, 5*v + 75 = 4*v + l. Let z = v - -92. What is the remainder when 45 is divided by z?
13
Suppose -30 = 5*n - 8*n. Calculate the remainder when 41 is divided by (3/2)/(-1*(-1)/n).
11
Suppose 4*j = n - 7, -2*j + 6 - 2 = 2*n. What is the remainder when 98 is divided by ((-6)/8)/j + 387/12?
32
Let q be ((-6)/(-4))/((-1)/(-2)). Suppose 2*c + c - 80 = -5*b, q*c = 15. Suppose 0*i + 2*i = 100. Calculate the remainder when i is divided by b.
11
Let r = -45 - -34. Let v = r - -107. Calculate the remainder when v is divided by 33.
30
Let a(b) = -16*b**3 + 7*b**2 + 12*b + 16. Calculate the remainder when a(-3) is divided by 8.
3
Let m = -56 + 94. Suppose -3*i = -2*g - m, 0 = -5*i + 6*i - 2*g - 6. Calculate the remainder when 31 is divided by i.
15
Let y(u) = 3*u**2 - 3*u + 24. What is the remainder when 105 is divided by y(4)?
45
Let u = 1372 - 1214. What is the remainder when u is divided by 40?
38
Let u = -1 - -7. Let a = 19 - 2. What is the remainder when a is divided by u?
5
Let f(l) = -13*l - 169. Calculate the remainder when f(-17) is divided by 3.
1
Suppose -p + 70 = 3*v, 0 = -5*p - v - 154 + 560. Calculate the remainder when 411 is divided by p.
1
Suppose 0 = 5*o - 5*q - 25 - 10, 4*o - 1 = -5*q. Suppose 3*x = o*b - 50, 0 = x + 5 - 3. What is the remainder when 29 is divided by b?
7
Let z(d) be the third derivative of -d**6/120 - 7*d**5/60 + d**4/3 + 17*d**3/6 + 22*d**2. What is the remainder when z(-8) is divided by 12?
5
What is the remainder when 159 is divided by (-5)/(35/56)*11/(-4)?
5
Let f = -15 - -28. What is the remainder when (-2 - (-34)/8)*(-320)/(-12) is divided by f?
8
Let v(n) = n**2 + n. Let h = -159 + 153. Calculate the remainder when v(h) is divided by 6.
0
Let x(l) = 75*l**2 + 11*l - 11. Let i(g) = 25*g**2 + 4*g - 4. Let c(f) = -17*i(f) + 6*x(f). Calculate the remainder when c(1) is divided by 9.
7
Let a = 9 - -24. Suppose -4*l + 60 = 2*z - 0*z, l - a = 4*z. What is the remainder when 29 is divided by l?
12
Let j = 1255 + -1759. What is the remainder when (3/(-4))/(7/j) is divided by 7?
5
Suppose -3*q + 40 = 5*w, -2*w + 37 = -0*q - 3*q. Let r = 24 - w. Suppose 4*y - 7 - r = 0. What is the remainder when y is divided by 4?
1
Let g = 6 - 4. Suppose 2*n = -2*f - g*f + 68, -2*f + 26 = 3*n. What is the remainder when 75 is divided by f?
18
Let m = 154 - 74. Let q = 273 - 189. Suppose 15*x = 11*x + q. What is the remainder when m is divided by x?
17
Suppose 2 = -3*u + 29. Let z(w